se 11?
-5304
33211 (base 4) to base 7
2623
1110000100000 (base 2) to base 15
2200
What is 1416 (base 14) in base 5?
103143
215046 (base 7) to base 6
450500
-20b (base 16) to base 2
-1000001011
-126156 (base 7) to base 12
-118b9
Convert a29b (base 12) to base 14.
6635
1475 (base 12) to base 13
1121
Convert -2021 (base 7) to base 12.
-4a5
Convert -10010001 (base 2) to base 5.
-1040
What is -8e73 (base 15) in base 14?
-b054
Convert 25430 (base 9) to base 8.
41336
461 (base 13) to base 10
755
-318a (base 13) to base 6
-51454
11000100 (base 2) to base 7
400
What is -17a93 (base 14) in base 11?
-40955
-3f3 (base 16) to base 10
-1011
Convert 5614 (base 7) to base 11.
1577
-a14 (base 12) to base 3
-1222221
4720 (base 9) to base 2
110110101101
What is -453 (base 12) in base 14?
-339
Convert -727a (base 12) to base 15.
-3a6d
What is -11397 (base 10) in base 13?
-5259
What is -21121 (base 3) in base 13?
-12a
Convert -12111111 (base 4) to base 10.
-25941
What is -1908 (base 13) in base 2?
-111010001110
-7a11 (base 15) to base 9
-38457
What is 255553 (base 6) in base 15?
6da0
-3806 (base 9) to base 10
-2841
What is -559 (base 12) in base 3?
-1002020
-b14b (base 12) to base 3
-222100112
What is 1378 (base 10) in base 14?
706
-607 (base 12) to base 9
-1167
35235 (base 6) to base 9
6845
-10111 (base 5) to base 15
-2db
46 (base 12) to base 16
36
4324 (base 10) to base 13
1c78
Convert -758 (base 9) to base 5.
-4440
-2873 (base 13) to base 15
-1ae5
What is -1330341 (base 6) in base 16?
-12115
Convert -1168 (base 10) to base 13.
-6bb
What is 89a (base 14) in base 15?
789
Convert 233 (base 4) to base 11.
43
-212101 (base 7) to base 5
-2134001
Convert 3003033 (base 4) to base 15.
3a80
What is 7277 (base 8) in base 11?
2922
-61a (base 13) to base 12
-725
Convert -1331231 (base 5) to base 7.
-141624
Convert 108 (base 12) to base 2.
10011000
What is 4720 (base 15) in base 14?
570d
-10011000000111 (base 2) to base 13
-457b
What is 11444 (base 6) in base 3?
2022101
What is -5131 (base 8) in base 2?
-101001011001
What is -2424 (base 6) in base 14?
-304
506 (base 10) to base 9
622
182 (base 9) to base 12
10b
-104 (base 10) to base 11
-95
Convert -16ba (base 13) to base 16.
-d24
What is 1101111100110 (base 2) in base 10?
7142
What is -6266 (base 7) in base 13?
-1007
Convert 33656 (base 10) to base 3.
1201011112
-384 (base 14) to base 12
-4a8
What is -2211 (base 8) in base 9?
-1530
What is 112302 (base 5) in base 16?
fed
Convert 110222021 (base 3) to base 11.
7118
-410 (base 10) to base 15
-1c5
Convert -499 (base 12) to base 5.
-10233
What is abb (base 15) in base 3?
10022212
Convert 2035 (base 16) to base 6.
102101
Convert 14 (base 16) to base 2.
10100
What is -220 (base 7) in base 14?
-80
What is -10101000000111 (base 2) in base 9?
-15674
Convert 101111011 (base 2) to base 8.
573
1303002 (base 4) to base 15
22ac
What is -2201 (base 7) in base 13?
-485
c6 (base 14) to base 16
ae
Convert 1383 (base 10) to base 16.
567
What is 1550b (base 14) in base 11?
36a08
What is 583 (base 14) in base 10?
1095
Convert -12254 (base 7) to base 5.
-100344
-468 (base 10) to base 14
-256
33c7 (base 15) to base 14
400b
Convert 1112221 (base 3) to base 10.
1132
Convert -423105 (base 7) to base 11.
-4aa27
Convert 1335 (base 13) to base 7.
11004
What is 2100202220 (base 3) in base 7?
252354
-26b13 (base 13) to base 2
-10001100111110011
Convert 1308 (base 10) to base 2.
10100011100
What is 220221 (base 3) in base 11?
562
Convert -2122210 (base 4) to base 15.
-2de7
Convert -628 (base 9) to base 2.
-1000000000
What is -1032 (base 7) in base 4?
-11232
Convert 5047 (base 8) to base 10.
2599
Convert 646 (base 8) to base 7.
1142
Convert 1608 (base 12) to base 15.
b85
8795 (base 12) to base 2
11101001100001
What is -695f (base 16) in base 5?
-1330400
What is 346 (base 7) in base 13?
10c
Convert 110010010 (base 2) to base 11.
336
What is 518 (base 11) in base 7?
1551
What is -1552 (base 6) in base 5?
-3203
Convert -6418 (base 10) to base 7.
-24466
-421401 (base 7) to base 14
-1c638
22244 (base 5) to base 2
11000100110
1a8 (base 14) to base 16
158
What is -6312 (base 7) in base 14?
-b42
Convert -100001112 (base 3) to base 15.
-1e52
-10165 (base 7) to base 10
-2497
What is 14200 (base 5) in base 10?
1175
Convert -190a (base 11) to base 16.
-97e
What is -320241 (base 5) in base 3?
-112200011
Convert 3040 (base 7) to base 4.
100201
99 (base 12) to base 6
313
What is 236 (base 7) in base 16?
7d
What is 1443 (base 6) in base 4?
12003
408 (base 9) to base 15
172
What is 7531 (base 12) in base 6?
135301
Convert 3fa (base 16) to base 11.
846
Convert -aa0 (base 12) to base 5.
-22220
27a (base 16) to base 5
10014
51056 (base 8) to base 10
21038
Convert 10100011 (base 2) to base 7.
322
Convert 1122 (base 10) to base 4.
101202
11647 (base 12) to base 7
125113
What is -60661 (base 7) in base 15?
-457d
What is 44334 (base 7) in base 2?
10101110001100
Convert -11664 (base 8) to base 16.
-13b4
1244324 (base 6) to base 10
68380
22453 (base 10) to base 11
15962
-16837 (base 10) to base 3
-212002121
401 (base 10) to base 9
485
What is -31504 (base 8) in base 9?
-20002
What is 101101101011 (base 2) in base 7?
11344
33103130 (base 4) to base 15
1388e
What is 5780 (base 10) in base 9?
7832
Convert 571 (base 11) to base 7.
1664
Convert -151 (base 12) to base 4.
-3031
What is 330335 (base 6) in base 16?
6ad3
-1120 (base 6) to base 10
-264
Convert -421 (base 10) to base 6.
-1541
Convert -3c1c (base 13) to base 15.
-2864
What is 754 (base 14) in base 12?
a06
18773 (base 9) to base 11
9872
-523123 (base 6) to base 15
-c766
What is 8092 (base 13) in base 15?
539a
1011001100 (base 2) to base 15
32b
3523 (base 8) to base 6
12403
-2798 (base 11) to base 15
-1111
-a2cf (base 16) to base 11
-29350
What is 2301 (base 6) in base 12?
391
442014 (base 6) to base 10
36730
Convert 14553 (base 10) to base 6.
151213
Convert 1001010011 (base 2) to base 5.
4340
-292a1 (base 11) to base 7
-232216
What is -21 (base 7) in base 10?
-15
-111010011011100 (base 2) to base 12
-15390
-2237 (base 9) to base 5
-23104
What is 1513 (base 14) in base 13?
191a
148 (base 12) to base 16
c8
What is 10000000010110 (base 2) in base 5?
230324
Convert 2a926 (base 11) to base 13.
16b83
-11a0 (base 15) to base 3
-12010220
Convert 34022 (base 5) to base 10.
2387
Convert -42 (base 12) to base 15.
-35
-13033 (base 5) to base 16
-3fa
Convert -60 (base 12) to base 5.
-242
-133 (base 14) to base 4
-3301
98 (base 12) to base 5
431
858 (base 9) to base 14
381
Convert -58325 (base 9) to base 8.
-113767
-a068 (base 15) to base 5
-2040343
What is 1303302 (base 4) in base 16?
1cf2
What is -9034 (base 13) in base 9?
-30157
What is 1107 (base 8) in base 16?
247
Convert -111002 (base 3) to base 10.
-353
1204 (base 6) to base 15
147
-121101212 (base 3) to base 5
-340312
233321 (base 5) to base 3
102210000
What is 1123 (base 12) in base 11?
1477
-8586 (base 10) to base 7
-34014
Convert c92 (base 14) to base 4.
212300
What is -1356 (base 7) in base 10?
-531
What is 28456 (base 12) in base 2?
1101101010000010
What is -3869 (base 13) in base 4?
-1331132
Convert 511450 (base 7) to base 5.
10241020
What is 4e9 (base 16) in base 13?
759
-c8a (base 15) to base 3
-10212211
Convert -37113 (base 8) to base 9.
-23778
What is 1021001 (base 3) in base 5?
12134
What is 135c (base 16) in base 13?
2343
11ea (base 15) to base 11
2963
Convert -22257 (base 8) to base 10.
-9391
What is 58c (base 16) in base 7?
4066
Convert 114032 (base 5) to base 7.
15304
What is 10423440 (base 5) in base 16?
168d2
Convert 6ab (base 16) to base 5.
23312
What is 55323 (base 7) in base 9?
21036
-890 (base 16) to base 7
-6251
Convert -20014 (base 6) to base 16.
-a2a
What is -e1 (base 16) in base 6?
-1013
-8b3 (base 15) to base 3
-2200220
Convert 586 (base 10) to base 15.
291
Convert 13288 (base 9) to base 16.
231e
What is -251 (base 13) in base 14?
-20c
What is 14245 (base 7) in base 6?
30024
-1111011 (base 2) to base 8
-173
Convert -1031202 (base 4) to base 8.
-11542
-4db (base 15) to base 3
-1111222
Convert 27a1 (base 11) to base 2.
111000100100
What is 1010001101 (base 2) in base 3?
220012
Convert -9131 (base 13) to base 12.
-b692
-1540 (base 6) to base 8
-644
What is 210331 (base 7) in base 6?
435304
What is 294 (base